-4*c - 4*h - 4, -8 = 3*c + 5*h - 1. Let o(k) = c*g(k) + 2*t(k). What is o(-3)?
6
Let k(c) be the first derivative of -c**5/20 + c**4/2 + 7*c**3/6 + 3*c**2/2 - 3*c - 40. Let a(d) be the first derivative of k(d). Calculate a(7).
3
Suppose -q - 20 = 4*q. Suppose 5*v = 6 - 1. Let l(a) = a - 3. Let y(w) = w. Let j(i) = v*l(i) - 2*y(i). Determine j(q).
1
Let j = -377 + 376. Let q(l) be the third derivative of 13*l**4/24 - l**3/6 - 5*l**2. Give q(j).
-14
Let c(x) be the third derivative of -x**3/6 + 12*x**2. Let b(s) = -s - 1. Let w(k) = -b(k) + 2*c(k). What is w(6)?
5
Let v = -1493 + 1491. Let z(q) = -q**3 + 6*q + 3. Calculate z(v).
-1
Suppose 22 = 5*s - 23. Let i(r) = -7 + 3*r + 3*r**2 - s - 2*r + 15. What is i(1)?
3
Let o be 2*(0 + 1 + 1). Let v(h) = 4*h. Let w(t) be the second derivative of -t**3/6 + 12*t. Let m(x) = -v(x) - 5*w(x). Calculate m(o).
4
Let k(c) = -2*c - 14. Let z be k(-9). Suppose z*d - 5 = -d. Let h(i) = i**3 + i**2 - 2*i + 1. What is h(d)?
1
Let t be (1 - -2) + (8 - 9). Let a(g) = -g**2 + 4*g**2 + t*g**2 - 2*g**3 + 4 - 7*g + 3*g**3. What is a(-6)?
10
Let x(c) = 14*c. Let b(r) be the second derivative of -7*r**3/6 - 13*r**2 - r + 4. Let u be b(-4). Give x(u).
28
Let a be -60 + 52 - (-1 - 8) - 2. Let x(s) = -3*s**2 - 5*s - 6. Let g(l) = 6*l**2 + 9*l + 11. Let t(u) = 6*g(u) + 11*x(u). What is t(a)?
4
Let b(z) = 2*z**3 - 7*z**2 - 8*z + 15. Let t(c) = -3*c**3 + 15*c**2 + 15*c - 28. Let y(r) = 5*b(r) + 3*t(r). What is y(-9)?
27
Let c(x) = -23*x + 2. Let f(r) = -9*r + 1. Let b(t) = -3*c(t) + 7*f(t). Determine b(1).
7
Suppose 2*a - 3*a - 7 = 2*w, -6 = 2*a - 4*w. Let i(b) = b**2 + 5*b + 3. What is i(a)?
3
Let s = 3 + -2. Let g(b) = -7*b**2 + 4*b + 5. Let l(h) = h**2 + 2920 - 2920. Let y(f) = s*g(f) + 6*l(f). What is y(5)?
0
Let r be (2 - 1) + 1 + 0. Suppose -5*a + 30 = -q + r*q, 30 = 5*a - q. Let j(f) = -f**2 + 5 - 6*f + 1 + 2*f**2. What is j(a)?
6
Let p(m) be the third derivative of -m**6/120 - m**5/15 - m**4/24 + 2*m**3/3 + 2*m**2. Suppose 8*d - 92 = 60. Let v = d + -22. Give p(v).
-2
Let a(p) = 4*p + 5. Let l be -4*(-4 + (-75)/(-20))*-4. What is a(l)?
-11
Let k(h) = h**2 - 6*h - 1. Suppose -10*q + 22 = q. Suppose q*f + 2*f - 20 = 0. Determine k(f).
-6
Let l(j) be the first derivative of j**3/3 - 2*j**2 - 8*j - 7. Let q = 0 + 16. Let f = q + -10. What is l(f)?
4
Let h(r) = -r - 11. Let z(w) = -w**2 - 9*w - 7. Let a(n) = 5*n**2 - n**2 - 15 - 9*n + 7 - 5*n**2. Let i(k) = -2*a(k) + 3*z(k). Let u be i(-9). Determine h(u).
-6
Let r(a) = -6*a**2 - 4*a. Let d(i) be the second derivative of -5*i**4/12 - 2*i**3/3 + 11*i. Let j(w) = -5*d(w) + 4*r(w). Give j(-5).
5
Let n(t) = 2*t**2 - 19*t + 13. Let a be n(9). Suppose 4*x - 24 = a*c, -c = -3*c - 3*x + 8. Let l(p) = p**2 - p + 1. Determine l(c).
7
Let z(m) = 10*m**3 + 8*m**2 + 5*m - 2. Let s(x) = 13*x**3 + 9*x**2 + 6*x - 3. Let u(p) = -3*s(p) + 4*z(p). Determine u(-5).
-9
Let x = 18 - 13. Suppose 5*w + 4*v = 135, -2*w + 5 = -5*v - 16. Let u(y) = 8 + 9 - w + 3*y. Calculate u(x).
9
Let v(a) = 7*a**2 + 2*a + 1. Suppose -2*c + 24 = 5*z, 4*z + 0*z = -c + 18. Suppose -c*q - 1 = 1. Give v(q).
6
Let x = -10 + 5. Let m(n) be the third derivative of -n**6/240 - n**5/20 + n**4/24 - 13*n**2. Let a(r) be the second derivative of m(r). Determine a(x).
9
Let o(v) = 3*v**2 + 11*v + 6. Let a(l) = 7*l**2 + 23*l + 12. Let g(p) = 2*a(p) - 5*o(p). Determine g(-9).
-6
Let z(y) = -y**3 - 6*y**2 - 4*y - 5. Let m be z(-5). Let d = m + 15. Let h(q) = -d - 5*q - 7*q + 4*q**2 + 5*q - 3*q**2. Calculate h(6).
-11
Let u(q) = 7*q**2 - 11*q - 22. Let x(c) = -9*c**2 + 11*c + 24. Let i(o) = 5*u(o) + 4*x(o). What is i(-13)?
-40
Let k(b) = -b**2 + 6*b + 9. Let p(i) = 5. Let h(t) = -t + 14. Let g be -7 + 6*8/12. Let o(r) = g*h(r) + 8*p(r). Let f be o(3). Determine k(f).
2
Let t be 12/(-21) - (-240)/28. Suppose t*h = 3*h + 65. Let n(v) = -1 + h*v - 4*v - 3*v - 7*v. Calculate n(3).
-4
Let r(s) = -s - 2. Let v(t) = t + 2. Let y be v(0). Suppose 2*h = -0*h. Let d = h + y. Calculate r(d).
-4
Let y(x) = -x + 4. Suppose -5*t + 25 = 0, 2*t - 1 - 9 = -p. Calculate y(p).
4
Let p(q) = -9*q + 5. Let o(t) = 5*t - 3. Let m(k) = 7*o(k) + 4*p(k). Let c(f) = -5*f - 50. Let d be c(-11). Determine m(d).
-6
Let o(q) = -1533*q + 10 + 3060*q - 1530*q. Calculate o(7).
-11
Let a(x) = 26*x - 18. Let m(c) = 7*c - 5. Let t(f) = 6*a(f) - 22*m(f). Let b be (4/(-6))/((-2)/6). Calculate t(b).
6
Let w(g) = 7*g + 0*g**2 - 3 - g**2 - 1. Let c be 16 + 3 + (-14 + 4 - 3). What is w(c)?
2
Let j(q) be the first derivative of 20*q**3/3 - q**2 + 2*q - 11. Give j(1).
20
Let b(m) = 5*m - 4 + 4 + 2*m**2 + 4*m + 0*m**2 - 5. Calculate b(-7).
30
Let h(l) = 4*l + l - 4*l - 2*l. Give h(5).
-5
Let l(j) = j + 15. Let g = -47 + 42. Let i(x) = -8. Let d(m) = g*i(m) - 3*l(m). Determine d(-7).
16
Let q(s) be the second derivative of s**3/3 + 2*s**2 - s. Let p(g) = 6*g - 29. Let b be p(4). Determine q(b).
-6
Let r(c) = -c. Let d(f) = -f**3 - 5*f**2 + 13*f + 1. Let b(o) = d(o) + 5*r(o). Let w = -55 - -65. Suppose 4 = l + w. Give b(l).
-11
Let h be (-3 + 2)/((-2)/(-6)). Let l(k) = -5*k**3 - 15*k**2 + 11*k - 13. Let q(v) = 3*v**3 + 9*v**2 - 6*v + 7. Let s(w) = 4*l(w) + 7*q(w). What is s(h)?
-9
Suppose 5*u = -8*u + 78. Let z = -16 - -22. Let v(y) = -3 - 1 + z + y + 2. Give v(u).
10
Let d(m) = m**3 - m + 1. Let x(v) = v**3 - 2*v**2 - 2*v + 1. Let o(p) = -3*d(p) + 2*x(p). Determine o(-4).
3
Let v(k) = 1 + 4*k - 3*k**2 - 19*k**2 + 2*k + 21*k**2. Determine v(6).
1
Suppose 32*a + 132 = 65*a. Let i(z) = 8*z - 27. Give i(a).
5
Let m(o) = -6*o - 29. Let z be m(-4). Let r(g) = 3*g - 4. Give r(z).
-19
Suppose 3*i = 9, 0*c - 2*i = -2*c - 6. Let m(g) = 5*g + 294. Let u(w) = 2*w + 127. Let z(p) = -3*m(p) + 7*u(p). Give z(c).
7
Let c(p) = p**2 - 2*p - 4. Let d = 2 + 1. Suppose -d*k - 7 = 2. Determine c(k).
11
Let m(f) = 1788 - 3577 + 1786 + 3*f. What is m(3)?
6
Let o(r) = -r**3 + 5*r**2 + 14*r. Let n = -1667 + 1674. Calculate o(n).
0
Let m(s) = s**2 - 4. Suppose -i = -4*l - 12, -2*l + 4 = -5*i - 8. Let p be m(i). Let b(o) = -o**3 + 12*o**2 + o - 7. Determine b(p).
5
Let c(x) = -3*x - 12. Let w be c(-5). Let m(g) = -2*g + 1. What is m(w)?
-5
Let d(l) = 2*l + 1. Let y(t) = -2*t - 1. Let z = -10 - -12. Let r(i) = z*y(i) + 3*d(i). Suppose 2*j = -3*a + 1 + 3, -4*j - 4*a = -4. Determine r(j).
-1
Suppose -26*w + 245 = 89. Let o(p) = p**3 - 9*p**2 + 8*p + 2. Give o(w).
-58
Let i be 2/7 - 12/42. Suppose -4*a = -2*a + 12. Let o = a + i. Let q(n) = n**3 + 5*n**2 - 6*n - 6. What is q(o)?
-6
Let k(c) = c**3 + 5*c**2 + 7*c + 6. Let s be k(-6). Let t = 75 + s. Let o(v) = 2*v + 1. Give o(t).
7
Let h be 17/4 - (22 + -13)/36. Let n(a) = -a**2 + 5*a. Calculate n(h).
4
Let a(j) = -j**3 - 11*j**2 + 15*j + 13. Let v = 1003 - 1015. Calculate a(v).
-23
Let o(r) = r**2 - r - 1. Let y(t) = -t**3 + 12*t**2 - 11*t + 1. Let s be y(11). Suppose 0 = 3*a + 5 + s. Calculate o(a).
5
Let g(y) = 2*y - 10. Let c be g(6). Let f(n) = 2*n**2 - n**3 - 2*n**2 - 3*n + 8*n**2 - 4*n**2. Calculate f(c).
2
Let n(a) = -4*a + 16. Let g(o) = -1. Let z(q) = -2*g(q) - n(q). Calculate z(7).
14
Suppose -a = 2*a + 6. Let m(b) = -2*b + 34 + 0*b - 32. What is m(a)?
6
Let z(h) be the second derivative of 1/12*h**4 - 2/3*h**3 + 2*h + 1/2*h**2 + 0. Suppose -c = m - 3*c - 11, -16 = 4*c. Calculate z(m).
-2
Let c(r) = 5*r**2 + 8*r + 42. Let x(h) = 6*h**2 + 8*h + 50. Let p(l) = 5*c(l) - 4*x(l). What is p(-8)?
10
Let a(z) = -z**3 + z - 12*z**2 + 7*z**3 + 13*z**2 + 1 - 2*z**3. Determine a(-1).
-3
Let q be -7 + (0 - 0) + 0. Let b(s) = -s**2 + 8*s - 5. Let g be b(7). Let h(u) = -2*u + g + 0*u - 11. Calculate h(q).
5
Let z(t) be the first derivative of -t**3/3 - 7*t**2/2 + 3*t + 64. Determine z(-6).
9
Let r(z) = -z**2 + 0*z**2 + 6 - 20 - 106*z + 121*z. Determine r(10).
36
Let f(m) be the second derivative of 0 - 2*m - 3/2*m**3 + 1/20*m**5 + 3/4*m**4 + 5/2*m**2. Calculate f(-10).
-5
Let m(b) = -b + 3 + 3*b + b - 4*b. Let q be (-1)/(-4) - (-429)/12. Let l = -31 + q. What is m(l)?
-2
Suppose 0 = x + 3*b - 0 + 1, -2*b - 5 = 5*x. Let p = -13 + 25. Let o(t) = -p*t + 2 + 11*t - 3 + 3*t**3. Give o(x).
-3
Let k(z) = -4*z**2 + 18*z - 8*z + 5*z**2 - 13*z - 2*z + 10. What is k(4)?
6
Let w(t) = 3*t + 6. Suppose -22*d = -8*d + 84. Determine w(d).
-12
Let t(u) = -u**3 + 2*u**2 + 3*u + 